1
Evaluate -46 + 8 + -90 + 121.
-7
Calculate -1 + -3 + 1 + 174 + -181.
-10
What is the value of (-27 - -28) + (-2 + 1 - (-27 + 4))?
23
Calculate -77 - -64 - (-20 + 1).
6
Evaluate 71 - 88 - (5 - 1).
-21
What is (6 - (27 - 17)) + 7 + -34?
-31
(-101 - -100) + 9 + -1 + -3 + 25
29
-1 + 4 + -34 + -28 + 25
-34
What is 0 + 2 + (5 - ((4 - 4) + 5))?
2
Calculate -2 + 18 + -2 - (-1 + 9).
6
Calculate (8 - -5) + (-23 - (-38 + 12)).
16
Evaluate -5 + (0 - (-5 - (-8 + 8))) - 1.
-1
What is the value of (-6 - (0 - 3)) + 2 + (12 - 5)?
6
What is -45 + 88 + -3 + -3 + -11?
26
What is -7 + 25 + 16 + -24?
10
What is the value of -3 - ((-28 - (3 - 15)) + -5)?
18
(25 + -68 - -34) + (6 - -1) + 19
17
31 - 1 - (25 + -5 + -12)
22
Calculate (9 + -8 - 5) + 3 - -12.
11
-5 + 6 + 4 + 4 + 1
10
What is 87 + -96 + (0 - -15) - 25?
-19
What is the value of -12 + (28 - 12) + 18?
22
29 - 61 - (4 + (6 - 23))
-19
Calculate 8 - (1 - 5) - (13 - (18 - 1)).
16
Calculate -152 + 147 + (-1 - (-1 + -9)).
4
What is (-58 - -49) + (-1 - -16) + 1?
7
What is the value of -17 + (46 - 22) + -11?
-4
Evaluate (1 + 0 - 3) + -55 + 57.
0
Calculate 6 + 1 + -2 + -13 + 0 + -17.
-25
What is 1 + (18 - (14 - 4))?
9
What is -15 + -37 + (63 - -8)?
19
(1 - (-1 - -5)) + (146 - 151)
-8
11 + -2 - (-6 + 17)
-2
2 - (49 + (17 - 13) - 18)
-33
What is 9 + -136 - -115 - (0 + -38)?
26
What is -2 - (-9 - (10 - -1))?
18
What is the value of -14 + 11 + 14 + (-3 - -7)?
15
-659 + 626 - (-7 - (-2 - -2 - 1))
-27
What is the value of -6 - (-36 + 6 - -15)?
9
Evaluate -16 + 10 + 0 + -9 + -96 + 103.
-8
Evaluate 20 + (-3 + -5 - -8).
20
What is (-61 + 23 - -21) + 5?
-12
(1 - 2) + (-85 - -103) + -1
16
What is the value of (-25 + 39 - -1) + 8?
23
Calculate -2 + 0 + 9 + (0 + 3 - -2).
12
What is (-48 - (12 + -46)) + (-4 - 0)?
-18
Calculate -1 + (2 - 3) - (-5 + 7 - 1).
-3
Evaluate (2 - 7) + 42 - 27.
10
Evaluate (-6 - 7 - -10 - -8) + 8 + -1.
12
-21 - -1 - (-187 + 167)
0
Calculate -3 + -6 + (-4 - -7).
-6
What is the value of 9 + -1 + 7 + -9 - (11 - 1)?
-4
What is the value of (30 - 24) + -26 + 1?
-19
Evaluate -3 - (2 + 3 - (39 - 28)).
3
Evaluate 0 + -22 + (-1 - (-18 + 11)).
-16
What is the value of -10 - ((4 - 19) + 3)?
2
What is the value of 1 - 3 - -4 - (5 + -9 - 3)?
9
Calculate 4 + (3 - -1 - 7) + -243 + 276.
34
What is the value of (-2 - -17) + 71 + -77 + 0 + 2?
11
What is the value of 0 - 3 - (-12 - 0 - (-3 - 3))?
3
36 + (23 - 43) - 39
-23
Calculate (-6 - -2) + (7 - 15 - -15).
3
What is the value of (-7 - 2) + (19 - 20) + 0 + -2?
-12
Evaluate -60 - -67 - (-14 - -45).
-24
Evaluate 842 - 798 - (24 + 1).
19
Evaluate -15 - (24 + -30 - 24).
15
What is the value of -1 + -8 + (1 - 1) + 1?
-8
7 + (-9 - 0 - -4) + 0 - 5
-3
What is 6 + (13 - (10 + -6)) + -7?
8
What is the value of (0 + -2 - -6 - 5) + 0 + 3?
2
What is (15 - 21 - -4 - -13) + 9?
20
Calculate -3 + (13 - 22) - 9.
-21
Evaluate -1 + -1 - 22 - -1 - (150 - 154).
-19
(-55 - (18 + -63)) + 4 + 3
-3
-4 - (7 - 4) - (9 + 0 - 7)
-9
What is 8 + -2 - (-2 - -21)?
-13
What is -15 + 1 + 2 + 8?
-4
Evaluate (3 - (0 - -2)) + 3 + -10 + 2.
-4
Calculate -1 - 4 - (-5 + (-4 - -10)).
-6
Evaluate 4 + 17 + (-5 - -10) + -2.
24
Evaluate -3 + 7 + (3 - (-4 - -6)).
5
Calculate -14 + 76 - 36 - 3.
23
Calculate -15 + -9 + 11 - -4.
-9
Calculate -19 + -9 + 22 + 14.
8
Calculate (-1 - 7 - (-228 + 223)) + 9.
6
Evaluate (-9 - 5 - -7) + -5 + 26.
14
What is (5 - (19 - (-8 + 14))) + 16?
8
447 - 476 - (-1 + -8)
-20
What is -58 + 54 + (-5 + 8 - -2)?
1
What is the value of 2 + 6 + 2 + -6 - -13?
17
Evaluate (-2 - (0 + 3)) + -27 - (-96 - -103).
-39
What is 0 - (-2 - 10 - (51 - 44))?
19
What is 35 + (-26 - -13) + -11?
11
What is (36 + 9 - 12) + -18?
15
Calculate 5 - 9 - 4 - (6 - 4).
-10
Calculate -60 + (-10 - -75) - (-32 + -2).
39
What is the value of (4 - (-13 + 10)) + (4 - 10)?
1
What is the value of 25 + -6 + 0 + -23?
-4
What is 0 + 23 + (10 + 22 - 39)?
16
What is -13 + (-11 + 10 - -2)?
-12
What is the value of 5 + -3 + 4 + -3 - (-31 + 25)?
9
What is the value of (-13 + 1 - -4) + (1 - -1) + 14?
8
5 + (3 - 5) + (-27 - -19) - -13
8
Evaluate -3 + 1 + (212 - 215 - (0 - 3)).
-2
Evaluate (2 - 40) + 71 - (7 + -1).
27
65 + -91 + (13 - -6)
-7
Evaluate -26 + -2 + (41 - (4 + 24)).
-15
What is -19 + (11 - -2) - -12?
6
(-7 - (2 - 7)) + (-1 - (-2 - -3))
-4
Evaluate 158 - 163 - (2 + -8 + (0 - 1)).
2
What is the value of -19 + (9 - 2) + (-8 - (17 + -26))?
-11
What is 22 - 30 - -39 - 24?
7
What is the value of -6 - (-7 + 13 - 8) - -13?
9
Evaluate 28 + 0 - (150 + -115).
-7
Calculate (-7 - -9 - (-10 - -8)) + -2 + 2.
4
What is the value of 19 + -6 + -13 - -12?
12
What is -58 + (48 - 30 - -17)?
-23
35 - 24 - (37 - 3) - (2 - 0)
-25
What is the value of (1 - 1) + 7 - ((-3 - 0) + 3)?
7
What is the value of 11 + 3 + (-41 - -37)?
10
Evaluate 0 + 6 + -14 - (-6 + -4).
2
What is the value of -866 - -847 - (-29 + -1)?
11
7 + (1 - (-22 - -19))
11
Calculate 10 - 14 - -5 - 3 - (-3 - 2).
3
Calculate -1 + (-5 - -12) + (-10 - 0).
-4
What is the value of -6 - (15 - ((0 - -6) + 3))?
-12
What is 6 + 25 + -26 - (2 + -10)?
13
What is 13 - (3 - -21) - -8?
-3
What is the value of -336 - -333 - (-8 + (-1 - -1)) - 23?
-18
-4 + 0 + -5 + (0 - 1)
-10
-10 + 7 + -6 + (-7 + 8 - -8)
0
What is the value of 7 - ((-11 - 1) + 9 + 8)?
2
What is (3 - (8 + -3)) + -4 - (-98 + 89)?
3
(14 - (23 + -1)) + 0 + -1 + -9
-18
What is (-5 - -1) + (9 + -13 - -11)?
3
Evaluate 18 + -11 + (29 - 10) + -3.
23
What is the value of 2 - ((-23 - -15 - 7) + 23)?
-6
3 + -5 + -2 + (30 - (-14 - -26))
14
What is 10 + (-5 + -5 - -5) - 4?
1
What is the value of 13 + -32 - (-14 - 11)?
6
What is 2 + (11 - 10) - 18?
-15
11 + (-1 - (9 + 14))
-13
Evaluate (-12 - (-7 - -3)) + (-1 - -4) + -6.
-11
What is the value of 9 + (5 - (5 - (6 + 1 + -6)))?
10
What is the value of 95 + -92 + 8 + -1?
10
Evaluate 15 + -9 + (14 - 3) + -2 + -4.
11
What is the value of 1 + -12 + (24 - 14)?
-1
2 + -2 + 17 + 12 + 35 + -57
7
Evaluate -88 + 78 - (1 + -16) - 8.
-3
What is the value of (4 - 12) + (1 - (-2 + 0)) + -2?
-7
What is the value of -4 + 2 + -1 + (-121 - -112)?
-12
Calculate (-7 - (3 + -5) - 2) + -29 + 24.
-12
-12 - (-3 + (2 + 7 - 20))
2
Calculate -10 + 0 + (7 + -25 - -33).
5
What is the value of -1 + -8 + (18 - (8 - -5))?
-4
Calculate (2 - -14) + 4 + -6.
14
What is -155 - -163 - (-20 - -2)?
26
Calculate 16 + 8 + (-8 - 6 - -2).
12
Evaluate 405 - 398 - (1 + 7).
-1
What is the value of 11 + -18 - (3 + 3 + -15) - -1?
3
What is the value of -2 + (-16 - -18) + -9?
-9
Calculate (1 - -18) + -2 - (-5 + 8).
14
Evaluate 1 - 0 - 26 - (88 + -62 + -26).
-25
Calculate 2 + -17 - (-67 - -59).
-7
Evaluate (9 - 6) + -13 + -28 + 18.
-20
Calculate (5 - (-5 + 5)) + (3 - 6 - -8).
10
10 - 0 - (-36 + 56) - (0 - 0)
-10
Evaluate 3 - (6 + -2 + (3 - 9)).
5
What is the value of -60 + 26 + 21 - (-20 + -1)?
8
What is 6 + (2 - 1) + -5 + (110 - 127)?
-15
What is 14 + -4 + -17 + (-16 + -8 - -12)?
-19
-4 - (6 - (14 + -3) - (-11 - -4))
-6
What is -11 + (-6 - -5) + -14 + 12?
-14
What is the value of 13 - (5 + 15 + -1 + -12)?
6
Evaluate (19 - -1) + -44 + 25.
1
Evaluate -33 + (-6 - (31 + -64)).
-6
0 - 17 - (0 + (-14 - -18) - 11)
-10
(-118 - -121) + 12 + -1
14
What is the value of 3 + (16 - 26 - -15)?
8
2 + 0 + -30 + 17 + -2
-13
(-125 - -133) + 0 + 9
17
6 + (-4 - -19) + -9
12
What is -16 + (-13 - -37) + 12?
20
What is 2 + -2 - (-28 - -8) - (269 - 267)?
18
Calculate -6 - 18 - -23 - (0 + 8).
-9
1 + 6 + 1 - (-4 + 17)
-5
Calculate -17 - (2 + 8 + 0 + -10).
-17
Evaluate (-35 + 7 - -37) + -11.
-2
Calculate (31 - 10) + -34 - (-2 - (-4 + 1)).
-14
Evaluate (4 - -4) + -6 + -2 + -10.
-10
-28 - ((2 + 3 - 0) + -6)
-27
What is the value of (-6 - -11) + (6 - 1 - (15 - 13))?
8
Calculate -19 - (-19 - 7) - -3.
10
Calculate 18 - (2 - (-16 + -9)).
-9
Calculate (-143 - -146) + 0 + -8.
-5
Calculate 11 + -7 - 8 - (4 - 4).
-4
What is the value of -8 + 10 - (-6 + (4 - 3))?
7
What is the value of (-5 - 1) + 0 + -21?
-27
Calculate -16 + 24 - (-19 - -35).
-8
-42 + -12 + 27 + 25
-2
What is the value of (-6 - -4) + (-11 - (-1 + -2 + 1))?
-11
Evaluate 1 + -1 - (-4 - (-23 + 11)).
-8
Evaluate (-12 - -21) + -25 + 3 - (1 + 7).
-21
Evaluate (-5 - -13 - -10) + -11.
7
Evaluate -13 - (-2 - 1 - (11 - 6)).
-5
Calculate (14 + -35 - -3) + 28.
10
Evaluate 4 + (-27 - (13 - 38)).
2
What is (39 + -31 - 4) + -9 + 0 + 2?
-3
W